d(k) = -5*k**2 + 21*k + 1. Let x be d(4). Suppose -3*a + 43 + 11 = 3*v, 0 = 5*a + 10. Calculate the greatest common divisor of v and x.
5
Let q(z) = -3*z - 1. Let m be q(-11). Suppose 84 = -4*c - 0*c. Let o = c + m. Calculate the greatest common divisor of o and 33.
11
Let k(f) = -340*f + 10. Let w be k(-1). What is the greatest common divisor of w and 20?
10
Let y be (-8)/12 + 89/3. Let m = -234 + 437. Calculate the greatest common divisor of y and m.
29
Let y be (4 + 1)/((-27)/(-108)). Calculate the greatest common factor of y and 160.
20
Let p be (44 - 2)/(4/(-228)). Let y be 3/4 + p/(-8). Suppose 5*w - y = -0*w. Calculate the greatest common factor of 40 and w.
20
Suppose y = 4, -5*y = 3*c - 3*y - 26. Let s be (c/7)/(-2) - (-3456)/224. Calculate the highest common factor of 45 and s.
15
Let h = -15 + 21. Let f(i) be the second derivative of i**4/6 - i**3 - i**2 - 27*i. Let o be f(-4). Calculate the greatest common divisor of o and h.
6
Let f be 135/20 - (-1)/4. Let p = f + 6. What is the highest common factor of 52 and p?
13
Let r = -101 + 112. Suppose -15 = -0*s - 4*s + 3*a, s + 2 = -5*a. Suppose s*f = -0*f + 3. What is the greatest common factor of f and r?
1
Let n = 634 - 514. Calculate the greatest common divisor of n and 240.
120
Let z(h) = 15*h**2 + 2*h + 1. Let b be z(-1). Let g(j) = j**3 - 21*j**2 + 16*j + 206. Let v be g(20). Calculate the greatest common divisor of b and v.
14
Let h(q) = 13*q**2 + 1. Let r be h(-1). Let m be (60/r)/(10/70). What is the highest common divisor of m and 6?
6
Let q = 7 - -15. Suppose 0 = -4*d + 8*s - 4*s + 36, -5*d - 4*s + 72 = 0. Let l = d - -32. What is the highest common divisor of l and q?
22
Suppose 10*a - 15*a - 105 = 0. Suppose -d + 4*d - 90 = 0. Let r = a + d. What is the greatest common divisor of r and 27?
9
Let t = -311 + 337. Calculate the greatest common factor of t and 52.
26
Suppose -5*m = 2*h - 183, 4*m + 0*h = 4*h + 152. What is the highest common factor of 185 and m?
37
Let q(h) = -5*h**2 + 81*h + 74. Let n be q(17). Let k(f) = -7*f**3 - f**2 - f - 1. Let c be k(-1). What is the greatest common divisor of c and n?
6
Suppose 6*l = 3 + 9. Let r(a) = 117*a - l - 1 + 1. Let d be r(1). What is the greatest common divisor of 46 and d?
23
Suppose 0 = p + 2*p - 810. Suppose 4*g = 3*g - 5*l + 10, -l = 4. What is the greatest common factor of g and p?
30
Let k(g) = 4*g**2 - 2*g - 1. Let u be k(-1). Let j = -916 + 917. What is the highest common factor of j and u?
1
Let m be 1 + 8 + (-14)/7. Suppose -g + m*g = 24. Suppose -2*q + 5*j - 18 = -4*q, 0 = -2*q - j + 10. What is the greatest common factor of q and g?
4
Let v(c) = -4*c - 4*c - 22 + 21. Let s be v(-2). What is the greatest common factor of s and 120?
15
Suppose -g + 15 = -5*p, -5*g + p + 22 = -g. Let r = g - -5. Suppose -3*c + r = 2*c. Calculate the greatest common factor of 18 and c.
2
Let h = 64 - 7. Let z be 2*h/12*(21 + 1). What is the highest common factor of z and 19?
19
Let b(h) = h**3 + 3*h**2 - 6*h - 1. Let g be b(-4). Suppose -25*u = -g*u - 324. Let c = 32 + -14. Calculate the greatest common factor of c and u.
18
Suppose -12*t + 15*t = 72. Let y = -119 + 191. What is the greatest common divisor of y and t?
24
Let x = -22 + 8. Let k = x + 16. Suppose -7 = -z - 4*g, -k*z - 29 = -4*z - 3*g. What is the greatest common factor of z and 209?
19
Let z(r) = -r - 4*r - 5*r. Let c be z(-3). Suppose 4*y - c = -y. What is the greatest common divisor of y and 4?
2
Suppose 3*y + 0*y = 2*j + 5, 3*j + 5*y = 40. Suppose p + 2*z = 32, -2*p - j*z = -12 - 50. Calculate the greatest common factor of 396 and p.
36
Suppose -10 + 2 = -a - t, -3*a = -t - 4. Suppose -a = -3*p + 2*p. Suppose -30 = p*r - 6*r. What is the highest common factor of 20 and r?
10
Let g = 1651 - 601. Calculate the greatest common factor of g and 84.
42
Suppose 2*w + 5*d - 1050 = 0, -22*w + d - 522 = -23*w. What is the highest common divisor of w and 80?
40
Suppose 6*x + x = 196. What is the greatest common factor of 98 and x?
14
Suppose -28*n + 864 = -20*n. Let c be ((-6)/(-15))/((-4)/(-240)). What is the highest common divisor of c and n?
12
Let h(n) = 123*n + 4. Let p be h(2). Suppose 2*c = -3*c + p. What is the highest common divisor of c and 20?
10
Suppose 0 = -0*z + 5*z - v - 16, 5*v - 7 = -4*z. Suppose 26*a - 1369 + 199 = 0. Calculate the highest common divisor of a and z.
3
Let r(s) be the second derivative of -109*s**3/6 + s**2 + 8*s. Let v be r(-2). What is the greatest common factor of 20 and v?
20
Let v(h) = -32*h - 151. Let j be v(-8). What is the highest common factor of 175 and j?
35
Let t be 10/(((-10)/(-15))/((-1)/(-3))). Suppose -28 = -4*h - z, t*h - 32 = 2*h + 2*z. What is the highest common factor of 32 and h?
8
Suppose 8*t - 1872 = -14272. Let z be (t/4)/(-5)*2. Calculate the greatest common divisor of z and 31.
31
Let g = 184 - 160. Let c be -2 + 9/1 + 4/4. What is the highest common factor of c and g?
8
Suppose -54 = -6*p + 4*p. Suppose -4*r + p + 53 = 0. Suppose 8 = 2*v - r. Calculate the greatest common divisor of 14 and v.
14
Let t be 267/6 + (-3)/(-6). Suppose 0 = 4*x - 55 - 85. Suppose t + x = 5*n. Calculate the highest common factor of n and 2.
2
Suppose -26 = -2*i - 0*i. Let s(c) = -2*c**3 - c**2 - 6. Let q be s(-3). Calculate the highest common divisor of i and q.
13
Let p be 3/(1/((-2)/(-3))). Suppose u = -4*w + 29, -2*w - 5*u + 17 = -p*u. Let s be (-3)/15 + (-212)/(-10). Calculate the greatest common factor of s and w.
7
Let u = -1020 + 1041. What is the highest common divisor of 2562 and u?
21
Let q(b) = -b**3 + 9*b**2 + b - 2. Let n be q(9). Suppose -38 = -5*l + 4*f, -f - n = 3*l - 4*l. What is the highest common divisor of l and 90?
10
Suppose 60 = 239*c - 236*c. What is the highest common divisor of 28 and c?
4
Suppose 2*g + 3626 = 9*g. Calculate the greatest common divisor of 74 and g.
74
Suppose s = 16*s - 3375. Let r = 137 - 92. What is the highest common divisor of s and r?
45
Let s(v) = -132*v**3 - 2*v - 2. Let o be s(-1). Suppose 0 = -6*k + 2*k - 5*u + 264, -5*u = -2*k + o. What is the greatest common factor of k and 6?
6
Let t(b) = b**2 - 9*b. Let y be t(9). Suppose 3*o = 4*f - 645, f + o + y*o = 163. What is the highest common divisor of f and 18?
18
Let g = 31 + 13. Let r = 76 - g. Calculate the highest common divisor of 160 and r.
32
Let t be (-7 + 9 + -6 - 6)*(-3 + 1). Suppose 5*u = -2*y + 165, 340 = -0*y + 5*y - 2*u. Calculate the greatest common divisor of t and y.
10
Let w = -342 - -548. Suppose 0 = -2*g + w + 114. Suppose 0*c - c = -2*n - 68, 5*n - g = -3*c. What is the highest common divisor of 12 and c?
12
Suppose 2*f + 4*x = 24, -6*x = -7*x - 3. Suppose -318*p = -320*p + 90. What is the highest common divisor of f and p?
9
Let n(h) = -3*h - 31. Let t be n(-13). Suppose 0*r - 4*g = 4*r + 12, -15 = -3*r + 3*g. What is the greatest common factor of t and r?
1
Let p = -6 + 3. Let n be -2*(-1 + p) + 2. Suppose 0 = 106*d - 96*d - 100. What is the highest common divisor of d and n?
10
Let d(v) = 3*v**2 + v - 64. Let z be d(7). What is the greatest common divisor of z and 150?
30
Let u = 58 + 482. What is the highest common divisor of u and 20?
20
Suppose 9*t - 15*t + 1482 = 0. Calculate the highest common divisor of 13 and t.
13
Let o be -5 + 37/7 + 552/28. Calculate the greatest common factor of 4 and o.
4
Let b(a) = -a**3 + 19*a**2 - 31*a. Let r be b(17). Calculate the highest common factor of r and 51.
51
Suppose 0*x + 3*x = 57. Suppose 0 = 2*r + 6 + 12. Let d(a) = -a + 10. Let p be d(r). What is the highest common divisor of x and p?
19
Let h(g) = 5*g - 40. Let k be h(5). Let y be (-12 - -17)/((-1)/k*3). Let i = 1 - -4. What is the highest common factor of i and y?
5
Let b = 67 + -63. Let x(i) = 2*i**2 + i + 1. Let k be 1/(-3 + 0 - -2). Let l be x(k). What is the greatest common divisor of l and b?
2
Let s = 41 + -17. Let z be 5 - (4 - 1) - 17. Let b be (5/z)/(5/(-45)). What is the greatest common factor of s and b?
3
Let i = -12 - -47. Suppose o + 133 = 20*o. Calculate the highest common factor of i and o.
7
Let v be (-4 - -1)*-2*16/(-12). Let n be ((1 - 0) + v)/(7/(-14)). Calculate the greatest common divisor of 49 and n.
7
Suppose w - 5*w - 3*d + 17 = 0, 4*d - 12 = 0. Suppose s - j = 3*s + 4, 0 = -s - 3*j + 8. Let i 